4*g(i) + 3*t(i). Is w(-7) a prime number?
True
Is (-21 - (24 - 40))*(-335219)/5 a prime number?
False
Let r be (-1422)/(-2) + (-9)/(-12)*-4. Suppose 9*w = 11*w - r. Is (w/(-4))/((-7)/14) a composite number?
True
Suppose -u + 475310 + 639715 = -4*q, u + 2*q = 1115001. Is u a composite number?
True
Suppose -165*d - 17176 = -169*d. Suppose 0 = 6*g - d - 9668. Is g composite?
True
Let c(o) = o**2 - 17*o + 65. Let u be c(12). Suppose -2*g - 2*d = -13476, 2*g - u*d - 13473 = -4*d. Is g a composite number?
False
Let c = 741581 - -111702. Is c a prime number?
True
Let g(d) = -5567*d + 3533. Is g(-12) a prime number?
False
Let k(d) = d**3 - 4*d**2 - d + 4. Let n be k(4). Let l be -2 - (202 + (n - -2)). Let h = 417 + l. Is h composite?
False
Suppose -41*m + 56*m = 1077285. Is m prime?
False
Let w = 68 + -38. Let f be (-8438)/(-10) - (w/5)/(-30). Suppose v = 5*v - f. Is v a prime number?
True
Let g = -10587 - -38744. Is g a composite number?
True
Let o = -2 - -285. Suppose 0 = o*b - 285*b + 72926. Is b a composite number?
True
Suppose 0 = h + 13 + 68. Let w be (-18)/h - (-8813)/(-9). Let x = 2614 - w. Is x a prime number?
True
Suppose 13*x = -1 + 1. Let k(l) = 53*l + 2633. Is k(x) composite?
False
Suppose 3*o = o. Suppose -16*r + 93 = -15*r. Suppose o = 26*j - 29*j + r. Is j a prime number?
True
Is (1 - 104/96) + -2*(-18534545)/120 a composite number?
True
Let d(h) = -101*h**2 - 26*h - 244. Let z be d(-8). Let k = z + 17239. Is k a composite number?
False
Suppose -3*j - 4*l = -95, 5*l + 1 = -19. Let v = j - 31. Suppose 598 = v*u - 548. Is u a prime number?
True
Suppose 9*w - 17*w + 11*w - 6 = 0. Let h = -2 - -4. Suppose h*p + p - 1352 = -i, -w*p = -4*i - 878. Is p composite?
False
Let d(p) be the second derivative of -p**5/10 + p**4/6 + 2*p**3/3 + p**2 + 15*p. Let g be d(-3). Suppose 243 = x + g. Is x a prime number?
True
Suppose 111*v = 516*v - 488118555. Is v composite?
False
Suppose -33*q + 28*q + 114285 = -5*r, r = -4. Is q a composite number?
False
Let y(l) = 21*l**2 + l - 35. Suppose -g + 2*b - 2 = 0, 2*b - 11 = -3. Let a(j) = -2*j**3 + 12*j**2 - 4*j + 15. Let w be a(g). Is y(w) composite?
False
Let w be -2 + ((-6)/(-24))/(2/152). Let a(l) = l**2 + 17*l - 21. Is a(w) prime?
True
Let l be (-2)/((-8)/10)*(-836)/(-190). Let j be 2/l + 113283/33. Let h = -1568 + j. Is h prime?
False
Suppose -135129804 = -605*m + 537*m. Is m a composite number?
True
Is (-342670)/60*(-96)/16 a prime number?
True
Let r(l) = -45*l + 26. Suppose 6*n + 20 = n. Let v = -7 + n. Is r(v) a composite number?
False
Suppose 0 = -z + 4*m - 4826, 2*z = -5*m - 7914 - 1725. Let s = z + 10741. Is s prime?
False
Suppose 276*o = 273*o + 45. Suppose o*c - 212 = 11*c. Is c prime?
True
Is 19/(266/(-42)) + 50446 prime?
False
Suppose 3*s + c = 221991, -10*s - 73981 = -11*s - 3*c. Is s composite?
False
Let i be 15/20 - (-141)/4. Let q(u) = 36 - 46 + i + 136*u. Is q(8) prime?
False
Suppose 65 + 7 = 9*a. Let m = a + -18. Is ((-6399)/(-135))/((-2)/m) a prime number?
False
Suppose 5*c = -5*i + 625, -773 = -5*i - 2*c - 154. Suppose -120*s - 31281 = -i*s. Is s a prime number?
True
Let f(k) = -7825*k - 31. Let v be f(-15). Suppose 9*p - v + 16733 = 0. Is p composite?
True
Let b(w) = 2130*w + 2171. Is b(46) composite?
False
Suppose -5*t - 35 = -5*i, -6 = -i + 3*t - t. Suppose -4*x - h = -10017, -i*h + 2508 = x - 7*h. Is x a prime number?
True
Let c(m) = 3*m**3 + m**2 - 8*m - 7. Let i be c(-7). Let p = 1340 + i. Is p composite?
False
Suppose 3*f + 426143 = 2*q - 30851, -12 = -3*f. Is q prime?
False
Suppose 809036 = 4*l + 5*b, 39*b = l + 40*b - 202259. Is l composite?
True
Let z(g) = -92 - 14 - 20 + 62*g. Is z(20) composite?
True
Suppose 0 = 2*f - 1236777 + 523725 - 1715862. Is f composite?
True
Suppose 0 = 5*r + 3*m + 30, r + 2*m + 0 = -13. Is 4553 - -6*(-4 - r) a prime number?
True
Suppose -198*u + 46549209 + 16536957 = 0. Is u composite?
True
Let x(u) = 41*u**3 - 6*u**2 + 42*u + 25. Let j = -820 - -828. Is x(j) a prime number?
False
Let w = -93 + 96. Suppose 2*d = -2*r - 5260, -w*d - 2*r = -5*r + 7890. Let f = 7213 + d. Is f a composite number?
False
Suppose 0*g + 936 = -g + 5*i, 0 = 3*i. Let c be (10/(-10))/(3/15). Is g/(-30) - (-1)/c a prime number?
True
Suppose -b + 2 = 5*k - 4*k, 5*k - 3*b = 42. Let a be (18 + 0)*2/k. Suppose -a*n + 428 + 5302 = 0. Is n composite?
True
Suppose 13*j - 11*j = 10. Suppose 0 = c + c - 2*k - 372, -3*c - j*k + 590 = 0. Suppose b = 367 + c. Is b a prime number?
True
Let d = 169 - -51. Suppose -5*m - 25 = 0, -5*r = -m - d - 7500. Is r a prime number?
True
Let s = 383 + -356. Suppose -15537 = -3*m + s*y - 22*y, 5*m - 2*y - 25895 = 0. Is m a composite number?
False
Is 51663268/(-365)*5/(-2) + 9 composite?
False
Is (1 + 6760)*(188 + -185) a composite number?
True
Suppose k = -1, -2*k - 953238 = -32*i + 28*i. Is i a composite number?
True
Is (-11816)/(-64)*686 - -2*2/16 composite?
False
Let h = 11370 + -16980. Let u = 12589 + h. Is u composite?
True
Let h = -832669 - -1518260. Is h prime?
True
Let x(k) = -k**2 + 4*k + 2. Let v be x(4). Suppose 4 = -v*l + 8. Suppose -4*s = -4*r + 2072, 0 = -r + 6*r + l*s - 2583. Is r a prime number?
False
Let o = 144 - 144. Suppose o = 22*k - k - 17619. Is k a prime number?
True
Let k be 3 - 0 - 0 - -322. Let q be ((-2)/(-5))/(26/k). Suppose j - 4*h - 5040 = -3*j, 0 = -q*h - 5. Is j a prime number?
True
Suppose q = 1017 + 1920. Suppose -16*c = -15*c - q. Suppose -2*y + 3*m + 414 + c = 0, -4*m = 4*y - 6672. Is y a prime number?
False
Suppose 0 = f, 26*f = -4*o - 29*f + 56*f + 2586028. Is o composite?
True
Let u = -80 - -84. Suppose 8*h - 9*h - d = -2222, 0 = -u*h + 2*d + 8870. Is h composite?
True
Let n(p) = -35 + 3*p + 16*p - 71*p**3 + 70*p**3 + 17*p**2 - 20. Is n(14) a prime number?
False
Let f(n) = -2*n**2 - 11*n - 2. Let k = 114 + -119. Let u be f(k). Suppose 2523 + 2028 = u*p. Is p composite?
True
Let m be (-19314)/(-18) - -2*(-6)/4. Let v = m + -201. Suppose 3*t = 268 + v. Is t a composite number?
False
Let t(x) be the third derivative of 0*x + 14*x**2 + 0 + 85/8*x**4 - 2/3*x**3. Is t(1) a prime number?
True
Let v be 1227*36/(-6)*57/(-18). Is (1 - -1)*v*(-3)/(-18) a composite number?
True
Let j = 14236 - -45273. Is j composite?
False
Let u(t) = -398*t**3 - 2*t**2 + 1. Let o be u(-1). Is o*(12/6 + 3) prime?
False
Let l(k) = -k**3 + 3*k**2 + 6*k - 11. Let t be l(4). Is (157*(2 + t))/(16/(-48)) a prime number?
False
Let p(d) = -2*d + 22. Let w be p(9). Let y be -1*(3 + 8) + 3 + w. Is y + 6 + 8791 + 2 composite?
True
Suppose 631*b - 188853162 - 151875954 = 85*b. Is b prime?
False
Let s(f) = 7682*f**3 + f**2 - 4*f + 79. Is s(5) a prime number?
False
Let d be ((-3)/7 + 35/(-147))*-117. Let f = d + -80. Is (-2971)/(-4 - (-5 - f)) prime?
True
Let f be (-2)/((-4)/4) - -1. Suppose 2*q = -u - 5, f*q - 5*q - 6 = 2*u. Is 881 + u + 3/4*-4 a prime number?
True
Suppose -2*y + 5057 = 3*b, 2*b + y - 1323 = 2050. Suppose -2*n = -n - b. Is n composite?
True
Suppose 6*y = -7040 + 92000. Let k = y + -2129. Is k prime?
False
Let q be (12 - 8)/(4/34)*12. Let x = -121 + q. Is x a composite number?
True
Let j(i) = -2285*i - 25. Let l be j(-8). Let k = l - 12176. Is k prime?
True
Let t(p) = 871*p**2 - 4*p + 240. Is t(17) a prime number?
False
Suppose 30*s = -25*s + 33465245. Is s a prime number?
True
Suppose 0 = -196*k + 73*k + 1163703. Is k prime?
True
Suppose 14*h = -42*h + 25629403 - 8282787. Is h composite?
True
Suppose 11*l = -5487 - 4314. Let s = l + 4333. Is s a composite number?
True
Let h = 83 + -76. Suppose 0 = -y + 3*p - h, 0*p + 20 = 5*p. Suppose -3*t - 3712 = -y*g, 3*g + 97 - 2329 = -3*t. Is g a composite number?
False
Suppose -2891508 + 4689167 = 36*y - 3281005. Is y a composite number?
True
Suppose 0 = 5*u + k + 3*k - 7, -4*u + 3*k - 13 = 0. Let w(x) = -8468*x**3 + x**2 + 3*x + 1. Is w(u) a composite number?
False
Let t = -479232 - -1058543. Is t a composite number?
False
Let q = -238697 - -621616. Is q a composite number?
False
Suppose y + 152 = 157. Suppose -1756 = -s - 5*p, -3*p - 6169 - 2583 = -y*s. Is s a prime number?
False
Let s = -1300 - 1929. Let p = s - -6432. Is p prime?
True
Suppose 3*t + 5*c = 29, 4*t = 8*t - 5*c + 8. Suppose -5668 = -t*q + 3893. Is q composite?
False
Suppose -1516629 = 39*r - 42*r - q, 5*q + 2527675 = 5*r. Is r a c